{"id":4,"date":"2018-02-18T20:22:59","date_gmt":"2018-02-18T19:22:59","guid":{"rendered":"http:\/\/trauma-emdr.com\/?page_id=4"},"modified":"2021-11-30T20:36:40","modified_gmt":"2021-11-30T19:36:40","slug":"startseite","status":"publish","type":"page","link":"https:\/\/trauma-emdr.com\/","title":{"rendered":"Startseite"},"content":{"rendered":"\t\t<div data-elementor-type=\"wp-page\" data-elementor-id=\"4\" class=\"elementor elementor-4\" data-elementor-settings=\"[]\">\n\t\t\t\t\t\t\t<div class=\"elementor-section-wrap\">\n\t\t\t\t\t\t\t<section class=\"elementor-section elementor-top-section elementor-element elementor-element-3a1b7e9 elementor-section-boxed elementor-section-height-default elementor-section-height-default\" data-id=\"3a1b7e9\" data-element_type=\"section\">\n\t\t\t\t\t\t<div class=\"elementor-container elementor-column-gap-default\">\n\t\t\t\t\t<div class=\"elementor-column elementor-col-100 elementor-top-column elementor-element elementor-element-08ee46b\" data-id=\"08ee46b\" data-element_type=\"column\">\n\t\t\t<div class=\"elementor-widget-wrap elementor-element-populated\">\n\t\t\t\t\t\t\t\t<div class=\"elementor-element elementor-element-1b31dc5 elementor-widget elementor-widget-heading\" data-id=\"1b31dc5\" data-element_type=\"widget\" data-widget_type=\"heading.default\">\n\t\t\t\t<div class=\"elementor-widget-container\">\n\t\t\t<h2 class=\"elementor-heading-title elementor-size-default\">Therapieangebot<\/h2>\t\t<\/div>\n\t\t\t\t<\/div>\n\t\t\t\t\t<\/div>\n\t\t<\/div>\n\t\t\t\t\t\t\t<\/div>\n\t\t<\/section>\n\t\t\t\t<section class=\"elementor-section elementor-top-section elementor-element elementor-element-d3c165c elementor-section-boxed elementor-section-height-default elementor-section-height-default\" data-id=\"d3c165c\" data-element_type=\"section\">\n\t\t\t\t\t\t<div class=\"elementor-container elementor-column-gap-default\">\n\t\t\t\t\t<div class=\"elementor-column elementor-col-50 elementor-top-column elementor-element elementor-element-af41a0a\" data-id=\"af41a0a\" data-element_type=\"column\">\n\t\t\t<div class=\"elementor-widget-wrap elementor-element-populated\">\n\t\t\t\t\t\t\t\t<div class=\"elementor-element elementor-element-1e27b42 elementor-view-default elementor-widget elementor-widget-icon\" data-id=\"1e27b42\" data-element_type=\"widget\" data-widget_type=\"icon.default\">\n\t\t\t\t<div class=\"elementor-widget-container\">\n\t\t\t\t\t<div class=\"elementor-icon-wrapper\">\n\t\t\t<a class=\"elementor-icon\" href=\"http:\/\/trauma-emdr.com\/index.php\/therapieangebot\/traumatherapie\/\">\n\t\t\t<i aria-hidden=\"true\" class=\"fas fa-band-aid\"><\/i>\t\t\t<\/a>\n\t\t<\/div>\n\t\t\t\t<\/div>\n\t\t\t\t<\/div>\n\t\t\t\t<div class=\"elementor-element elementor-element-fc2d13a elementor-widget elementor-widget-heading\" data-id=\"fc2d13a\" data-element_type=\"widget\" data-widget_type=\"heading.default\">\n\t\t\t\t<div class=\"elementor-widget-container\">\n\t\t\t<h2 class=\"elementor-heading-title elementor-size-default\"><a href=\"http:\/\/trauma-emdr.com\/index.php\/therapieangebot\/traumatherapie\/\">Traumatherapie<\/a><\/h2>\t\t<\/div>\n\t\t\t\t<\/div>\n\t\t\t\t<div class=\"elementor-element elementor-element-5177726 elementor-widget elementor-widget-text-editor\" data-id=\"5177726\" data-element_type=\"widget\" data-widget_type=\"text-editor.default\">\n\t\t\t\t<div class=\"elementor-widget-container\">\n\t\t\t\t\t\t\t<p><span>In der Traumatherapie bearbeiten wir antrainierte Schutzmechanismen und l\u00f6sen diese unter Anwendung gezielter<\/span><span>\u00a0Ma\u00dfnahmen auf.\u00a0<\/span><\/p>\t\t\t\t\t\t<\/div>\n\t\t\t\t<\/div>\n\t\t\t\t\t<\/div>\n\t\t<\/div>\n\t\t\t\t<div class=\"elementor-column elementor-col-50 elementor-top-column elementor-element elementor-element-a5e277b\" data-id=\"a5e277b\" data-element_type=\"column\">\n\t\t\t<div class=\"elementor-widget-wrap elementor-element-populated\">\n\t\t\t\t\t\t\t\t<div class=\"elementor-element elementor-element-9da71f4 elementor-view-default elementor-widget elementor-widget-icon\" data-id=\"9da71f4\" data-element_type=\"widget\" data-widget_type=\"icon.default\">\n\t\t\t\t<div class=\"elementor-widget-container\">\n\t\t\t\t\t<div class=\"elementor-icon-wrapper\">\n\t\t\t<a class=\"elementor-icon\" href=\"http:\/\/trauma-emdr.com\/index.php\/therapieangebot\/emdr\/\">\n\t\t\t<i aria-hidden=\"true\" class=\"far fa-eye\"><\/i>\t\t\t<\/a>\n\t\t<\/div>\n\t\t\t\t<\/div>\n\t\t\t\t<\/div>\n\t\t\t\t<div class=\"elementor-element elementor-element-3220119 elementor-widget elementor-widget-heading\" data-id=\"3220119\" data-element_type=\"widget\" data-widget_type=\"heading.default\">\n\t\t\t\t<div class=\"elementor-widget-container\">\n\t\t\t<h2 class=\"elementor-heading-title elementor-size-default\"><a href=\"http:\/\/trauma-emdr.com\/index.php\/therapieangebot\/emdr\/\">EMDR<\/a><\/h2>\t\t<\/div>\n\t\t\t\t<\/div>\n\t\t\t\t<div class=\"elementor-element elementor-element-e87026a elementor-widget elementor-widget-text-editor\" data-id=\"e87026a\" data-element_type=\"widget\" data-widget_type=\"text-editor.default\">\n\t\t\t\t<div class=\"elementor-widget-container\">\n\t\t\t\t\t\t\t<p><span>Eye Movement Desensitization and Reprocessing (kurz EMDR) ist eine spezielle Behandlungsmethode, <\/span><span style=\"font-size: inherit;\">die gro\u00dfe Wirksamkeit bei posttraumatische Belastungsst\u00f6rung und anderen Traumafolgest\u00f6rungen bewiesen hat.\u00a0<\/span><\/p>\t\t\t\t\t\t<\/div>\n\t\t\t\t<\/div>\n\t\t\t\t\t<\/div>\n\t\t<\/div>\n\t\t\t\t\t\t\t<\/div>\n\t\t<\/section>\n\t\t\t\t<section class=\"elementor-section elementor-top-section elementor-element elementor-element-2e202030 elementor-section-boxed elementor-section-height-default elementor-section-height-default\" data-id=\"2e202030\" data-element_type=\"section\">\n\t\t\t\t\t\t<div class=\"elementor-container elementor-column-gap-default\">\n\t\t\t\t\t<div class=\"elementor-column elementor-col-50 elementor-top-column elementor-element elementor-element-7f52f06e\" data-id=\"7f52f06e\" data-element_type=\"column\">\n\t\t\t<div class=\"elementor-widget-wrap elementor-element-populated\">\n\t\t\t\t\t\t\t\t<div class=\"elementor-element elementor-element-3adf9da2 elementor-view-default elementor-widget elementor-widget-icon\" data-id=\"3adf9da2\" data-element_type=\"widget\" data-widget_type=\"icon.default\">\n\t\t\t\t<div class=\"elementor-widget-container\">\n\t\t\t\t\t<div class=\"elementor-icon-wrapper\">\n\t\t\t<a class=\"elementor-icon\" href=\"http:\/\/trauma-emdr.com\/index.php\/therapieangebot\/musiktherapie\/\">\n\t\t\t<i aria-hidden=\"true\" class=\"fas fa-music\"><\/i>\t\t\t<\/a>\n\t\t<\/div>\n\t\t\t\t<\/div>\n\t\t\t\t<\/div>\n\t\t\t\t<div class=\"elementor-element elementor-element-7e40c5eb elementor-widget elementor-widget-heading\" data-id=\"7e40c5eb\" data-element_type=\"widget\" data-widget_type=\"heading.default\">\n\t\t\t\t<div class=\"elementor-widget-container\">\n\t\t\t<h2 class=\"elementor-heading-title elementor-size-default\"><a href=\"http:\/\/trauma-emdr.com\/index.php\/therapieangebot\/musiktherapie\/\">Musiktherapie<\/a><\/h2>\t\t<\/div>\n\t\t\t\t<\/div>\n\t\t\t\t<div class=\"elementor-element elementor-element-729ef25c elementor-widget elementor-widget-text-editor\" data-id=\"729ef25c\" data-element_type=\"widget\" data-widget_type=\"text-editor.default\">\n\t\t\t\t<div class=\"elementor-widget-container\">\n\t\t\t\t\t\t\t<p><span>Die Musiktherapie bietet eine besondere Art Probleme im Alltag zu bew\u00e4ltigen.\u00a0<\/span><br \/><span>Hier geht es vor allem um die St\u00e4rkung ihrer Ressourcen und der Regulierung von Emotionen.\u00a0<\/span><\/p>\t\t\t\t\t\t<\/div>\n\t\t\t\t<\/div>\n\t\t\t\t\t<\/div>\n\t\t<\/div>\n\t\t\t\t<div class=\"elementor-column elementor-col-50 elementor-top-column elementor-element elementor-element-36acbe7a\" data-id=\"36acbe7a\" data-element_type=\"column\">\n\t\t\t<div class=\"elementor-widget-wrap elementor-element-populated\">\n\t\t\t\t\t\t\t\t<div class=\"elementor-element elementor-element-65c0f9c9 elementor-view-default elementor-widget elementor-widget-icon\" data-id=\"65c0f9c9\" data-element_type=\"widget\" data-widget_type=\"icon.default\">\n\t\t\t\t<div class=\"elementor-widget-container\">\n\t\t\t\t\t<div class=\"elementor-icon-wrapper\">\n\t\t\t<a class=\"elementor-icon\" href=\"http:\/\/trauma-emdr.com\/index.php\/therapieangebot\/paarberatung\/\">\n\t\t\t<i aria-hidden=\"true\" class=\"fas fa-heart\"><\/i>\t\t\t<\/a>\n\t\t<\/div>\n\t\t\t\t<\/div>\n\t\t\t\t<\/div>\n\t\t\t\t<div class=\"elementor-element elementor-element-54fb62b9 elementor-widget elementor-widget-heading\" data-id=\"54fb62b9\" data-element_type=\"widget\" data-widget_type=\"heading.default\">\n\t\t\t\t<div class=\"elementor-widget-container\">\n\t\t\t<h2 class=\"elementor-heading-title elementor-size-default\"><a href=\"http:\/\/trauma-emdr.com\/index.php\/therapieangebot\/paarberatung\/\">Paartherapie<\/a><\/h2>\t\t<\/div>\n\t\t\t\t<\/div>\n\t\t\t\t<div class=\"elementor-element elementor-element-5b66c8a3 elementor-widget elementor-widget-text-editor\" data-id=\"5b66c8a3\" data-element_type=\"widget\" data-widget_type=\"text-editor.default\">\n\t\t\t\t<div class=\"elementor-widget-container\">\n\t\t\t\t\t\t\t<p>Hier widmen wir uns vor allem dem Erlernen von gesunden Kommunikationsstrategien:\u00a0Der Essenz einer funktionierenden Paarbeziehung.\u00a0<\/p>\t\t\t\t\t\t<\/div>\n\t\t\t\t<\/div>\n\t\t\t\t\t<\/div>\n\t\t<\/div>\n\t\t\t\t\t\t\t<\/div>\n\t\t<\/section>\n\t\t\t\t<section class=\"elementor-section elementor-top-section elementor-element elementor-element-e19930f elementor-section-boxed elementor-section-height-default elementor-section-height-default\" data-id=\"e19930f\" data-element_type=\"section\">\n\t\t\t\t\t\t<div class=\"elementor-container elementor-column-gap-default\">\n\t\t\t\t\t<div class=\"elementor-column elementor-col-100 elementor-top-column elementor-element elementor-element-4486394\" data-id=\"4486394\" data-element_type=\"column\">\n\t\t\t<div class=\"elementor-widget-wrap elementor-element-populated\">\n\t\t\t\t\t\t\t\t<div class=\"elementor-element elementor-element-043f194 elementor-widget elementor-widget-spacer\" data-id=\"043f194\" data-element_type=\"widget\" data-widget_type=\"spacer.default\">\n\t\t\t\t<div class=\"elementor-widget-container\">\n\t\t\t\t\t<div class=\"elementor-spacer\">\n\t\t\t<div class=\"elementor-spacer-inner\"><\/div>\n\t\t<\/div>\n\t\t\t\t<\/div>\n\t\t\t\t<\/div>\n\t\t\t\t\t<\/div>\n\t\t<\/div>\n\t\t\t\t\t\t\t<\/div>\n\t\t<\/section>\n\t\t\t\t<section class=\"elementor-section elementor-top-section elementor-element elementor-element-83dbb42 elementor-section-boxed elementor-section-height-default elementor-section-height-default\" data-id=\"83dbb42\" data-element_type=\"section\">\n\t\t\t\t\t\t<div class=\"elementor-container elementor-column-gap-default\">\n\t\t\t\t\t<div class=\"elementor-column elementor-col-100 elementor-top-column elementor-element elementor-element-9307983\" data-id=\"9307983\" data-element_type=\"column\">\n\t\t\t<div class=\"elementor-widget-wrap elementor-element-populated\">\n\t\t\t\t\t\t\t\t<div class=\"elementor-element elementor-element-01f2841 elementor-widget elementor-widget-heading\" data-id=\"01f2841\" data-element_type=\"widget\" data-widget_type=\"heading.default\">\n\t\t\t\t<div class=\"elementor-widget-container\">\n\t\t\t<h2 class=\"elementor-heading-title elementor-size-default\">\u00dcber mich<\/h2>\t\t<\/div>\n\t\t\t\t<\/div>\n\t\t\t\t\t<\/div>\n\t\t<\/div>\n\t\t\t\t\t\t\t<\/div>\n\t\t<\/section>\n\t\t\t\t<section class=\"elementor-section elementor-top-section elementor-element elementor-element-d955c52 elementor-section-boxed elementor-section-height-default elementor-section-height-default\" data-id=\"d955c52\" data-element_type=\"section\">\n\t\t\t\t\t\t<div class=\"elementor-container elementor-column-gap-default\">\n\t\t\t\t\t<div class=\"elementor-column elementor-col-50 elementor-top-column elementor-element elementor-element-ca2a084\" data-id=\"ca2a084\" data-element_type=\"column\">\n\t\t\t<div class=\"elementor-widget-wrap elementor-element-populated\">\n\t\t\t\t\t\t\t\t<div class=\"elementor-element elementor-element-9f9b5c8 elementor-widget elementor-widget-image\" data-id=\"9f9b5c8\" data-element_type=\"widget\" data-widget_type=\"image.default\">\n\t\t\t\t<div class=\"elementor-widget-container\">\n\t\t\t\t\t\t\t\t\t\t\t\t\t\t\t<img width=\"750\" height=\"500\" src=\"https:\/\/trauma-emdr.com\/wp-content\/uploads\/2021\/11\/WhatsApp-Image-2021-11-30-at-19.27.35-1024x682.jpeg\" class=\"attachment-large size-large\" alt=\"\" loading=\"lazy\" srcset=\"https:\/\/trauma-emdr.com\/wp-content\/uploads\/2021\/11\/WhatsApp-Image-2021-11-30-at-19.27.35-1024x682.jpeg 1024w, https:\/\/trauma-emdr.com\/wp-content\/uploads\/2021\/11\/WhatsApp-Image-2021-11-30-at-19.27.35-300x200.jpeg 300w, https:\/\/trauma-emdr.com\/wp-content\/uploads\/2021\/11\/WhatsApp-Image-2021-11-30-at-19.27.35-768x512.jpeg 768w, https:\/\/trauma-emdr.com\/wp-content\/uploads\/2021\/11\/WhatsApp-Image-2021-11-30-at-19.27.35-1536x1023.jpeg 1536w, https:\/\/trauma-emdr.com\/wp-content\/uploads\/2021\/11\/WhatsApp-Image-2021-11-30-at-19.27.35-360x240.jpeg 360w, https:\/\/trauma-emdr.com\/wp-content\/uploads\/2021\/11\/WhatsApp-Image-2021-11-30-at-19.27.35.jpeg 1600w\" sizes=\"(max-width: 750px) 100vw, 750px\" \/>\t\t\t\t\t\t\t\t\t\t\t\t\t\t\t<\/div>\n\t\t\t\t<\/div>\n\t\t\t\t\t<\/div>\n\t\t<\/div>\n\t\t\t\t<div class=\"elementor-column elementor-col-50 elementor-top-column elementor-element elementor-element-1509ea0\" data-id=\"1509ea0\" data-element_type=\"column\">\n\t\t\t<div class=\"elementor-widget-wrap elementor-element-populated\">\n\t\t\t\t\t\t\t\t<div class=\"elementor-element elementor-element-0b47df0 elementor-widget elementor-widget-text-editor\" data-id=\"0b47df0\" data-element_type=\"widget\" data-widget_type=\"text-editor.default\">\n\t\t\t\t<div class=\"elementor-widget-container\">\n\t\t\t\t\t\t\t<p><span>Es ist mir eine Freude s<\/span>ie hier begr\u00fc\u00dfen zu d\u00fcrfen. Gibt es mir doch die Gelegenheit, Ihnen etwas mehr \u00fcber mich zu sagen als nur \u201egeboren 1960 in Hamburg\u2026.<\/p><p>Mein bisheriges Leben? Es ist charakterisiert im Wesentlichen durch Ver\u00e4stelungen und \u00fcberraschende Wendungen. Dabei begeistert es mich stets, was aus Unwegsamkeiten werden kann \u2013 oft wider Erwarten. Und daraus ist ein tiefes Vertrauen und Zuversicht erwachsen.<\/p><p>Ein Vertrauen in die Tatsache, dass Menschen in der Lage sind, sich st\u00e4ndig zu ver\u00e4ndern und zu wachsen. Und gleichzeitig ihrem Wesen treu zu bleiben.<\/p><p>So w\u00fcrde ich Sie gern unterst\u00fctzen, bei dem Prozess, Ihren ganz pers\u00f6nlichen Weg zu finden und\/oder fortzusetzen.Ihre F\u00e4higkeiten zur Entfaltung zu bringen.Schweres oder Un\u00fcberwindbares anzugehen oder auszuhalten.<\/p><p>Es braucht Zeit und Geduld, Vertrauen in sich selbst und Sicherheit um Ver\u00e4nderungen und Wandel geschehen zu lassen.<\/p>\t\t\t\t\t\t<\/div>\n\t\t\t\t<\/div>\n\t\t\t\t\t<\/div>\n\t\t<\/div>\n\t\t\t\t\t\t\t<\/div>\n\t\t<\/section>\n\t\t\t\t\t\t<\/div>\n\t\t\t\t\t<\/div>\n\t\t","protected":false},"excerpt":{"rendered":"<p>Therapieangebot Traumatherapie In der Traumatherapie bearbeiten wir antrainierte Schutzmechanismen und l\u00f6sen diese unter Anwendung gezielter\u00a0Ma\u00dfnahmen auf.\u00a0 EMDR Eye Movement Desensitization and Reprocessing (kurz EMDR) ist eine spezielle Behandlungsmethode, die gro\u00dfe Wirksamkeit bei posttraumatische Belastungsst\u00f6rung und anderen Traumafolgest\u00f6rungen bewiesen hat.\u00a0 Musiktherapie Die Musiktherapie bietet eine besondere Art Probleme im Alltag zu [&hellip;]<\/p>\n","protected":false},"author":1,"featured_media":0,"parent":0,"menu_order":0,"comment_status":"closed","ping_status":"closed","template":"","meta":[],"_links":{"self":[{"href":"https:\/\/trauma-emdr.com\/index.php\/wp-json\/wp\/v2\/pages\/4"}],"collection":[{"href":"https:\/\/trauma-emdr.com\/index.php\/wp-json\/wp\/v2\/pages"}],"about":[{"href":"https:\/\/trauma-emdr.com\/index.php\/wp-json\/wp\/v2\/types\/page"}],"author":[{"embeddable":true,"href":"https:\/\/trauma-emdr.com\/index.php\/wp-json\/wp\/v2\/users\/1"}],"replies":[{"embeddable":true,"href":"https:\/\/trauma-emdr.com\/index.php\/wp-json\/wp\/v2\/comments?post=4"}],"version-history":[{"count":38,"href":"https:\/\/trauma-emdr.com\/index.php\/wp-json\/wp\/v2\/pages\/4\/revisions"}],"predecessor-version":[{"id":177,"href":"https:\/\/trauma-emdr.com\/index.php\/wp-json\/wp\/v2\/pages\/4\/revisions\/177"}],"wp:attachment":[{"href":"https:\/\/trauma-emdr.com\/index.php\/wp-json\/wp\/v2\/media?parent=4"}],"curies":[{"name":"wp","href":"https:\/\/api.w.org\/{rel}","templated":true}]}}